{"id":72,"date":"2026-01-11T12:27:05","date_gmt":"2026-01-11T11:27:05","guid":{"rendered":"https:\/\/le-renouveau-eckbo-2026.org\/?page_id=72"},"modified":"2026-01-11T12:31:28","modified_gmt":"2026-01-11T11:31:28","slug":"circulation-26-novembre-2025-reequilibrer-les-modes-de-circulation","status":"publish","type":"page","link":"https:\/\/le-renouveau-eckbo-2026.org\/?page_id=72","title":{"rendered":"Circulation 26 novembre 2025 &#8211; \u00ab\u00a0Des modes de d\u00e9placement \u00e0 r\u00e9\u00e9quilibrer ?\u00a0\u00bb"},"content":{"rendered":"\n<figure class=\"wp-block-gallery has-nested-images columns-default is-cropped wp-block-gallery-1 is-layout-flex wp-block-gallery-is-layout-flex\">\n<figure class=\"wp-block-image size-large\"><img loading=\"lazy\" decoding=\"async\" width=\"1024\" height=\"769\" data-id=\"74\" src=\"https:\/\/le-renouveau-eckbo-2026.org\/wp-content\/uploads\/2026\/01\/Reunion-circulation-1-1024x769.jpg\" alt=\"\" class=\"wp-image-74\" srcset=\"https:\/\/le-renouveau-eckbo-2026.org\/wp-content\/uploads\/2026\/01\/Reunion-circulation-1-1024x769.jpg 1024w, https:\/\/le-renouveau-eckbo-2026.org\/wp-content\/uploads\/2026\/01\/Reunion-circulation-1-300x225.jpg 300w, https:\/\/le-renouveau-eckbo-2026.org\/wp-content\/uploads\/2026\/01\/Reunion-circulation-1-768x576.jpg 768w, https:\/\/le-renouveau-eckbo-2026.org\/wp-content\/uploads\/2026\/01\/Reunion-circulation-1-1536x1153.jpg 1536w, https:\/\/le-renouveau-eckbo-2026.org\/wp-content\/uploads\/2026\/01\/Reunion-circulation-1-140x105.jpg 140w, https:\/\/le-renouveau-eckbo-2026.org\/wp-content\/uploads\/2026\/01\/Reunion-circulation-1.jpg 2048w\" sizes=\"auto, (max-width: 1024px) 100vw, 1024px\" \/><\/figure>\n\n\n\n<figure class=\"wp-block-image size-large\"><img loading=\"lazy\" decoding=\"async\" width=\"777\" height=\"1024\" data-id=\"73\" src=\"https:\/\/le-renouveau-eckbo-2026.org\/wp-content\/uploads\/2026\/01\/reunion-circulation-2-777x1024.jpg\" alt=\"\" class=\"wp-image-73\" srcset=\"https:\/\/le-renouveau-eckbo-2026.org\/wp-content\/uploads\/2026\/01\/reunion-circulation-2-777x1024.jpg 777w, https:\/\/le-renouveau-eckbo-2026.org\/wp-content\/uploads\/2026\/01\/reunion-circulation-2-227x300.jpg 227w, https:\/\/le-renouveau-eckbo-2026.org\/wp-content\/uploads\/2026\/01\/reunion-circulation-2-768x1013.jpg 768w, https:\/\/le-renouveau-eckbo-2026.org\/wp-content\/uploads\/2026\/01\/reunion-circulation-2-1165x1536.jpg 1165w, https:\/\/le-renouveau-eckbo-2026.org\/wp-content\/uploads\/2026\/01\/reunion-circulation-2-140x185.jpg 140w, https:\/\/le-renouveau-eckbo-2026.org\/wp-content\/uploads\/2026\/01\/reunion-circulation-2.jpg 1553w\" sizes=\"auto, (max-width: 777px) 100vw, 777px\" \/><\/figure>\n<\/figure>\n\n\n\n<p>Le mercredi 26 novembre 2025, nous \u00e9tions presque 80 pour \u00e9changer sur les modes de d\u00e9placement dans la commune.<\/p>\n\n\n\n<p>Eric Chtourbine, ing\u00e9nieur mobilit\u00e9, et Benjamin Illiat, architecte <a><\/a>paysagiste, ont propos\u00e9 une lecture des chiffres du trafic automobile et une pr\u00e9sentation des am\u00e9nagement possibles.<\/p>\n\n\n\n<p>On retient que 1\/3 seulement du trafic automobile sont des v\u00e9hicules qui traversent la commune et donc 2\/3 sont des trajets en lien avec la commune.<\/p>\n\n\n\n<p>Que pourrions-nous faire pour que ces trajets soient effectu\u00e9s \u00e0 v\u00e9lo, \u00e0 pied ou en transport en commun afin d\u2019am\u00e9liorer la qualit\u00e9 de vie en coeur de ville?<\/p>\n\n\n\n<p>Les participants se sont rassembl\u00e9s en petit groupe pour faire des suggestions d\u2019am\u00e9nagements, notamment sur la rue du G\u00e9n\u00e9ral Leclerc qui voit le passage de 6000 voitures par jour.<\/p>\n\n\n\n<p>Les r\u00e9sultats des r\u00e9flexions seront partag\u00e9es ici dans quelques jours!<\/p>\n\n\n\n<p><\/p>\n","protected":false},"excerpt":{"rendered":"<p>Le mercredi 26 novembre 2025, nous \u00e9tions presque 80 pour \u00e9changer sur les modes de d\u00e9placement dans la commune. Eric Chtourbine, ing\u00e9nieur mobilit\u00e9, et Benjamin Illiat, architecte paysagiste, ont propos\u00e9&hellip;<\/p>\n","protected":false},"author":4,"featured_media":0,"parent":0,"menu_order":0,"comment_status":"closed","ping_status":"closed","template":"","meta":{"_EventAllDay":false,"_EventTimezone":"","_EventStartDate":"","_EventEndDate":"","_EventStartDateUTC":"","_EventEndDateUTC":"","_EventShowMap":false,"_EventShowMapLink":false,"_EventURL":"","_EventCost":"","_EventCostDescription":"","_EventCurrencySymbol":"","_EventCurrencyCode":"","_EventCurrencyPosition":"","_EventDateTimeSeparator":"","_EventTimeRangeSeparator":"","_EventOrganizerID":[],"_EventVenueID":[],"_OrganizerEmail":"","_OrganizerPhone":"","_OrganizerWebsite":"","_VenueAddress":"","_VenueCity":"","_VenueCountry":"","_VenueProvince":"","_VenueState":"","_VenueZip":"","_VenuePhone":"","_VenueURL":"","_VenueStateProvince":"","_VenueLat":"","_VenueLng":"","_VenueShowMap":false,"_VenueShowMapLink":false,"footnotes":""},"class_list":["post-72","page","type-page","status-publish","hentry"],"_links":{"self":[{"href":"https:\/\/le-renouveau-eckbo-2026.org\/index.php?rest_route=\/wp\/v2\/pages\/72","targetHints":{"allow":["GET"]}}],"collection":[{"href":"https:\/\/le-renouveau-eckbo-2026.org\/index.php?rest_route=\/wp\/v2\/pages"}],"about":[{"href":"https:\/\/le-renouveau-eckbo-2026.org\/index.php?rest_route=\/wp\/v2\/types\/page"}],"author":[{"embeddable":true,"href":"https:\/\/le-renouveau-eckbo-2026.org\/index.php?rest_route=\/wp\/v2\/users\/4"}],"replies":[{"embeddable":true,"href":"https:\/\/le-renouveau-eckbo-2026.org\/index.php?rest_route=%2Fwp%2Fv2%2Fcomments&post=72"}],"version-history":[{"count":4,"href":"https:\/\/le-renouveau-eckbo-2026.org\/index.php?rest_route=\/wp\/v2\/pages\/72\/revisions"}],"predecessor-version":[{"id":80,"href":"https:\/\/le-renouveau-eckbo-2026.org\/index.php?rest_route=\/wp\/v2\/pages\/72\/revisions\/80"}],"wp:attachment":[{"href":"https:\/\/le-renouveau-eckbo-2026.org\/index.php?rest_route=%2Fwp%2Fv2%2Fmedia&parent=72"}],"curies":[{"name":"wp","href":"https:\/\/api.w.org\/{rel}","templated":true}]}}