{"id":48,"date":"2025-11-16T20:17:05","date_gmt":"2025-11-16T19:17:05","guid":{"rendered":"http:\/\/renouveau.kerpeo.com\/?page_id=48"},"modified":"2026-01-19T10:14:08","modified_gmt":"2026-01-19T09:14:08","slug":"actualites","status":"publish","type":"page","link":"https:\/\/le-renouveau-eckbo-2026.org\/?page_id=48","title":{"rendered":"Actualit\u00e9s"},"content":{"rendered":"\n<p><\/p>\n\n\n\n<p><strong>A VENIR<\/strong><\/p>\n\n\n\n<p>Nous nous r\u00e9jouissons de vous rencontrer\u00a0\u00a0<\/p>\n\n\n\n<figure class=\"wp-block-table\"><table class=\"has-fixed-layout\"><tbody><tr><td colspan=\"2\"><strong>En proximit\u00e9, au pas de votre porte<\/strong><\/td><\/tr><tr><td><\/td><td><\/td><\/tr><tr><td>Quartier Ouest(rue des champs \/ rue des pr\u00e9s \/ rue de Wolfisheim\u2026)<\/td><td>Samedi 17 janvier de 10h30 \u00e0 12h et de 16h \u00e0 18h<\/td><\/tr><tr><td>Quartier Bois romain<\/td><td>Samedi 24 janvier de 10h30 \u00e0 12h et de 16h \u00e0 18h<\/td><\/tr><tr><td>Quartier du Lac<\/td><td>Samedi 31 janvier de 10h30 \u00e0 12h et de 16h \u00e0 18h<\/td><\/tr><tr><td>Quartiers rue d\u2019Obershaubergen (Roseraie et rue des Jardins\u2026)<\/td><td>Samedi 7 f\u00e9vrier de 10h30 \u00e0 12h et de 16h \u00e0 18h<\/td><\/tr><tr><td>Quartier de Gaulle Est (rue de la croix, rue Sainte-Anne, aviateurs&#8230;)<\/td><td>Samedi 14 f\u00e9vrier de 10h30 \u00e0 12h et de 16h \u00e0 18h<\/td><\/tr><tr><td>Quartier College&nbsp;&nbsp;<\/td><td>Samedi 21 f\u00e9vrier de 10h30 \u00e0 12h et de 16h \u00e0 18h<\/td><\/tr><tr><td>Quartier Vieux village<\/td><td>Samedi 28 f\u00e9vrier de 10h30 \u00e0 12h et de 16h \u00e0 18h<\/td><\/tr><\/tbody><\/table><\/figure>\n\n\n\n<p><strong>D\u2019autres r\u00e9unions<\/strong><\/p>\n\n\n\n<figure class=\"wp-block-table\"><table class=\"has-fixed-layout\"><tbody><tr><td>Visio d\u2019\u00e9change<\/td><td>Mercredi 4 f\u00e9vrier \u00e0 20h<\/td><td><\/td><\/tr><tr><td>R\u00e9union avec les acteurs associatifs<\/td><td>Mardi 10 f\u00e9vrier \u00e0 20h<\/td><td>Salle des associations &#8211; Gymnase Krafft<\/td><\/tr><tr><td>R\u00e9union publique<\/td><td>Jeudi 12 mars \u00e0 20h<\/td><td>Salle socio-culturelle<\/td><\/tr><\/tbody><\/table><\/figure>\n\n\n\n<p><strong>REUNIONS PASSEES<\/strong><\/p>\n\n\n\n<p><strong><em>R\u00e9union publique \u00ab\u00a0Plan de Circulation\u00a0\u00bb : Mercredi 26 novembre 2025 de 20h \u00e0 22h &#8211; salle socio-culturelle<\/em><\/strong>. <a href=\"https:\/\/le-renouveau-eckbo-2026.org\/?page_id=72\" data-type=\"page\" data-id=\"72\">Cliquez ici pour acc\u00e9der au r\u00e9sum\u00e9 de la r\u00e9union.<\/a><\/p>\n\n\n\n<p><strong><em>Rencontre avec les habitantes et habitants<\/em><\/strong> <strong>d&rsquo;octobre et novembre<\/strong><\/p>\n\n\n\n<figure class=\"wp-block-table\"><table class=\"has-fixed-layout\"><tbody><tr><td>Date<\/td><td>Lieu \/ secteur<\/td><td>Horaires<\/td><\/tr><tr><td>Samedi 18 octobre<\/td><td>Au Bois Romain&nbsp;<\/td><td>15h -17h<\/td><\/tr><tr><td>Samedi 25 octobre<\/td><td>Au march\u00e9 et aux abords du Carrefour<\/td><td>10h \u2013 12h&nbsp;<\/td><\/tr><tr><td>Vendredi 31 octobre<\/td><td>Place Andr\u00e9 Lobstein \u2013 <em>Happening Halloween<\/em> <\/td><td>17h30 &#8211; 18h30<\/td><\/tr><tr><td>Samedi 8 novembre<\/td><td>D\u00e9ambulation Gymnase Krafft &#8211; Niederholz<\/td><td>Apr\u00e8s-midi&nbsp;<\/td><\/tr><tr><td>Samedi 15 novembre<\/td><td>Quartier de la Rue du Lac<\/td><td>A d\u00e9finir<\/td><\/tr><tr><td>Samedi 22 novembre<\/td><td>Rue des champs<\/td><td>\u00c0 pr\u00e9ciser<\/td><\/tr><\/tbody><\/table><\/figure>\n\n\n\n<p><\/p>\n","protected":false},"excerpt":{"rendered":"<p>A VENIR Nous nous r\u00e9jouissons de vous rencontrer\u00a0\u00a0 En proximit\u00e9, au pas de votre porte Quartier Ouest(rue des champs \/ rue des pr\u00e9s \/ rue de Wolfisheim\u2026) Samedi 17 janvier&hellip;<\/p>\n","protected":false},"author":1,"featured_media":0,"parent":0,"menu_order":0,"comment_status":"closed","ping_status":"closed","template":"","meta":{"_EventAllDay":false,"_EventTimezone":"","_EventStartDate":"","_EventEndDate":"","_EventStartDateUTC":"","_EventEndDateUTC":"","_EventShowMap":false,"_EventShowMapLink":false,"_EventURL":"","_EventCost":"","_EventCostDescription":"","_EventCurrencySymbol":"","_EventCurrencyCode":"","_EventCurrencyPosition":"","_EventDateTimeSeparator":"","_EventTimeRangeSeparator":"","_EventOrganizerID":[],"_EventVenueID":[],"_OrganizerEmail":"","_OrganizerPhone":"","_OrganizerWebsite":"","_VenueAddress":"","_VenueCity":"","_VenueCountry":"","_VenueProvince":"","_VenueState":"","_VenueZip":"","_VenuePhone":"","_VenueURL":"","_VenueStateProvince":"","_VenueLat":"","_VenueLng":"","_VenueShowMap":false,"_VenueShowMapLink":false,"footnotes":""},"class_list":["post-48","page","type-page","status-publish","hentry"],"_links":{"self":[{"href":"https:\/\/le-renouveau-eckbo-2026.org\/index.php?rest_route=\/wp\/v2\/pages\/48","targetHints":{"allow":["GET"]}}],"collection":[{"href":"https:\/\/le-renouveau-eckbo-2026.org\/index.php?rest_route=\/wp\/v2\/pages"}],"about":[{"href":"https:\/\/le-renouveau-eckbo-2026.org\/index.php?rest_route=\/wp\/v2\/types\/page"}],"author":[{"embeddable":true,"href":"https:\/\/le-renouveau-eckbo-2026.org\/index.php?rest_route=\/wp\/v2\/users\/1"}],"replies":[{"embeddable":true,"href":"https:\/\/le-renouveau-eckbo-2026.org\/index.php?rest_route=%2Fwp%2Fv2%2Fcomments&post=48"}],"version-history":[{"count":4,"href":"https:\/\/le-renouveau-eckbo-2026.org\/index.php?rest_route=\/wp\/v2\/pages\/48\/revisions"}],"predecessor-version":[{"id":95,"href":"https:\/\/le-renouveau-eckbo-2026.org\/index.php?rest_route=\/wp\/v2\/pages\/48\/revisions\/95"}],"wp:attachment":[{"href":"https:\/\/le-renouveau-eckbo-2026.org\/index.php?rest_route=%2Fwp%2Fv2%2Fmedia&parent=48"}],"curies":[{"name":"wp","href":"https:\/\/api.w.org\/{rel}","templated":true}]}}